006606 (base 7) in base 3?
1222220200200
What is d49295 (base 15) in base 13?
212a7bb
Convert 220022220010022 (base 3) to base 7.
214620503
What is -544706 (base 8) in base 4?
-230213012
-14665061 (base 7) to base 15
-1cd1b5
What is -57a92 (base 12) in base 2?
-11100101001001110
1012231344 (base 5) to base 12
83a4a9
Convert -66d43 (base 14) to base 8.
-747337
What is 100101011111100001001110 (base 2) in base 9?
20440057
Convert 1001120132211 (base 4) to base 3.
1012020210010210
What is 21010002121 (base 3) in base 7?
1122163
6cc0a (base 13) to base 8
606130
Convert -2e8149 (base 15) to base 5.
-1034123134
15502201 (base 6) to base 3
1001002000201
Convert -11302320 (base 5) to base 15.
-209c5
Convert -1482656 (base 9) to base 3.
-1112202201220
What is 1fb66a (base 16) in base 3?
10220120220121
13324913 (base 10) to base 16
cb5271
Convert -24c0aa (base 14) to base 9.
-2333605
Convert 186331 (base 10) to base 5.
21430311
What is -2474143 (base 10) in base 11?
-143a951
Convert -4242299 (base 10) to base 6.
-230532135
Convert 1415751 (base 9) to base 3.
1110112211201
Convert 210245 (base 8) to base 11.
48492
-aa3b4 (base 12) to base 13
-7b679
What is bd37d9 (base 14) in base 12?
219a3ab
Convert -404105123 (base 6) to base 11.
-39a2650
Convert 4507973 (base 10) to base 16.
44c945
Convert 277720 (base 13) to base 2.
11101010001001111101
-1200030 (base 5) to base 15
-6745
What is 11432112 (base 7) in base 11?
634680
4719b9 (base 14) to base 9
4505270
What is -11111110111111100 (base 2) in base 13?
-4756a
What is -30011110102 (base 4) in base 5?
-1302330011
-2233430 (base 7) to base 12
-114615
Convert -352c6 (base 15) to base 11.
-106298
-42b08 (base 13) to base 4
-131122321
-14400714 (base 8) to base 15
-44b090
1400026 (base 7) to base 16
2d241
Convert -9a3055 (base 11) to base 7.
-16412332
What is 410034032 (base 5) in base 7?
16652065
What is -10181 (base 13) in base 12?
-1482b
What is 125553 (base 9) in base 16?
129ed
What is -1411442 (base 5) in base 6?
-342125
Convert 1203203322 (base 4) to base 9.
681353
-265b7 (base 13) to base 5
-4240144
What is 3d92d (base 16) in base 6?
5223341
What is 7558328 (base 9) in base 14?
7776c6
What is -101312332313 (base 4) in base 16?
-476fb7
-31622214 (base 7) to base 16
-291e3d
8b704 (base 12) to base 2
101101011000110100
What is -55677 (base 11) in base 9?
-132583
Convert -4011112 (base 6) to base 11.
-119423
Convert -2462651 (base 7) to base 10.
-317948
What is 285795 (base 11) in base 8?
1550564
-174d9 (base 15) to base 12
-37736
-1010321213231 (base 4) to base 14
-258240d
Convert -3554244 (base 6) to base 11.
-117a67
What is -2211211100121 (base 3) in base 16?
-17130d
Convert 3546467 (base 9) to base 16.
1d4e3b
What is 7da8 (base 15) in base 2?
110100001010100
Convert -115abc (base 13) to base 7.
-3336106
433438 (base 9) to base 10
258425
Convert -1651a (base 14) to base 3.
-2211122210
-41ab72 (base 15) to base 11
-18444a6
Convert -133574 (base 9) to base 2.
-10011110111101111
-58422 (base 10) to base 8
-162066
Convert -c12123 (base 15) to base 8.
-42766325
-2022102222 (base 3) to base 10
-45521
Convert -22010001112 (base 3) to base 14.
-422a8
Convert 49a3fc (base 16) to base 15.
654e58
What is 1145176 (base 12) in base 16?
32c2aa
Convert -110102201012200 (base 3) to base 11.
-38035aa
576563 (base 10) to base 4
2030300303
Convert -110122220000 (base 3) to base 15.
-4dcac
12042424023 (base 5) to base 14
1c12d0c
Convert -3007a (base 13) to base 15.
-1a63e
What is 501002 (base 6) in base 12?
1a762
131122 (base 4) to base 3
2120201
Convert 424168 (base 13) to base 8.
5725751
What is 523413 (base 7) in base 13?
31cc8
What is 120200212022 (base 3) in base 14?
80872
Convert 6656466 (base 9) to base 15.
4aad53
637243 (base 10) to base 5
130342433
-1b8b398 (base 14) to base 5
-12012040314
2266725 (base 9) to base 15
1930c5
What is 449232 (base 10) in base 15?
8d18c
102051 (base 7) to base 6
213053
What is -2905680 (base 11) in base 10?
-5000050
40470123 (base 8) to base 12
2a43017
Convert d1dbd (base 14) to base 5.
112123432
What is 1200203 (base 4) in base 6?
44335
What is f7714 (base 16) in base 3?
1220111021221
-1036083 (base 10) to base 3
-1221122020110
Convert -2c4906 (base 13) to base 9.
-2048830
-234300322 (base 5) to base 2
-100001001100001100011
What is 1583765 (base 10) in base 8?
6025225
Convert 112332334 (base 5) to base 16.
7ce6a
2222122111200 (base 3) to base 16
1838ca
-110000100000010111 (base 2) to base 10
-198679
1aa55 (base 15) to base 13
30608
What is -29154 (base 13) in base 9?
-126723
Convert 21213201002 (base 4) to base 7.
30300206
-4420214 (base 7) to base 10
-542735
What is 2401b (base 12) in base 11?
33407
-304404401 (base 5) to base 8
-4604364
What is -434367 (base 9) in base 8?
-772033
-978701 (base 14) to base 15
-6b5bbd
What is 356337 (base 8) in base 16?
1dcdf
Convert -15676 (base 9) to base 13.
-4b8a
-ae1c7 (base 16) to base 4
-2232013013
Convert -cd13ad (base 14) to base 4.
-122202123231
-40596 (base 12) to base 3
-11020220220
-35b16 (base 16) to base 11
-140263
What is 101212011201 (base 3) in base 15?
434d4
13213001200 (base 4) to base 8
7470140
What is 30112203 (base 5) in base 7?
2012061
What is -1356170 (base 8) in base 12?
-166360
-110221201200211 (base 3) to base 12
-237b77a
-1b4c36 (base 16) to base 13
-4a8390
2210212001111 (base 3) to base 6
52000104
Convert 66a30 (base 12) to base 9.
226820
-57edd3 (base 16) to base 14
-aa0083
What is -25225443 (base 6) in base 14?
-172191
-309dba (base 16) to base 14
-5cd190
What is 256433 (base 9) in base 14?
40a07
What is 12302412 (base 6) in base 12?
171a08
26112065 (base 7) to base 6
122505425
What is 182ba9 (base 12) in base 11?
267518
-4521126 (base 7) to base 2
-10001000101011100101
Convert 54589 (base 13) to base 2.
100101001111100111
-4a155c (base 13) to base 2
-110110001000101001101
60633 (base 10) to base 16
ecd9
What is 4330313 (base 6) in base 11?
136827
-532168 (base 11) to base 5
-204231120
Convert -670521 (base 8) to base 4.
-313011101
What is 1710667 (base 10) in base 6?
100355431
What is -20110315 (base 7) in base 13?
-464689
What is -471603 (base 8) in base 15?
-328e8
Convert 7148a0 (base 12) to base 5.
423130434
164614 (base 11) to base 12
10366a
4a02053 (base 11) to base 7
133641620
Convert 270cd9 (base 16) to base 14.
4a8917
Convert 9bab (base 16) to base 7.
224120
Convert 314b418 (base 12) to base 9.
18458002
26997 (base 13) to base 7
416523
-387616 (base 12) to base 3
-1202000100200
Convert -16a763 (base 11) to base 12.
-10832b
-112770 (base 11) to base 14
-49498
What is 3355775 (base 8) in base 13?
25a561
3727056 (base 8) to base 2
11111010111000101110
-531 (base 11) to base 14
-339
Convert 10330402 (base 6) to base 15.
610b8
100100001110000101010110 (base 2) to base 7
143463560
-205a158 (base 12) to base 4
-113033211110
What is -24059 (base 12) in base 11?
-33449
What is -12120110033 (base 4) in base 8?
-6302417
What is -23053051 (base 6) in base 12?
-2a1187
126105 (base 7) to base 5
1224341
Convert -622176 (base 10) to base 15.
-c4536
Convert -44a577 (base 14) to base 16.
-239b2d
1001201210210110 (base 3) to base 6
1303143233
Convert 602b5 (base 12) to base 15.
26ecb
1031020203 (base 4) to base 8
1151043
What is 250058 (base 9) in base 3?
21200001222
-2cde89 (base 15) to base 7
-24321312
Convert -6044b (base 13) to base 5.
-21001410
What is 55388b (base 12) in base 8?
5125053
Convert 100001001011110010 (base 2) to base 15.
2a417
What is -33177471 (base 8) in base 12?
-2485989
Convert 1198438 (base 10) to base 14.
232a6a
Convert -1953ca (base 16) to base 2.
-110010101001111001010
-10100202212022 (base 3) to base 4
-12310030313
1020022131 (base 4) to base 2
1001000001010011101
What is -39c6b (base 14) in base 11?
-97a87
Convert 4503332 (base 6) to base 8.
671750
27f29f (base 16) to base 8
11771237
Convert 12300233212 (base 4) to base 7.
21031456
What is 11121421 (base 5) in base 9?
158830
Convert -273225 (base 8) to base 7.
-546400
16011490 (base 10) to base 4
331011003202
What is -9a143 (base 14) in base 13?
-100c91
11102100110111 (base 3) to base 2
1000111101100001110111
What is -25818 (base 11) in base 15?
-ae19
Convert 1baef7 (base 16) to base 10.
1814263
10101100011010101101111 (base 2) to base 6
321032211